re the prime factors of k(-24)?
19, 349
Let h(k) = -4*k**2 + 6*k - 2. Let z be h(4). Let r(q) = q**3 - 17*q**2 + 12*q - 51. Let o be r(16). Let l = z - o. List the prime factors of l.
73
Let x be ((-6)/15)/((-2)/15). Suppose -q + 5*m = 2*q + 172, -x*q = -3*m + 168. Let d = q + 130. List the prime factors of d.
2, 19
Let q(n) be the first derivative of 268*n**3/3 + 9*n**2/2 - 7*n + 96. List the prime factors of q(1).
2, 3, 5
Let s(i) = 108*i - 4. Let h be s(1). Suppose 9*w - 11*w = -h. Suppose q = 3*x + 57, q - 2*x = -0*q + w. List the prime factors of q.
2, 3, 7
Let r(f) = 9*f**2 + 13*f. Let m be r(-4). Let j be m/12 + (-2)/(-6). Let a(x) = 3*x**2 - 12*x + 3. List the prime factors of a(j).
3, 11
Suppose 5*x - 2*n - 32 = 0, 4*x = -0*x - 5*n + 19. What are the prime factors of -129*((3 - x) + 0)?
3, 43
Suppose -4*s + 4*k - 3660 = 0, 2*s - 3*k = 198 - 2027. Let y = 1649 + s. List the prime factors of y.
733
Let t(k) = k**2 - k - 17. Let x be t(5). Let i be (-8)/(-4) - x*1/3. What are the prime factors of (6/(-8))/(1/(-120)*i)?
2, 3, 5
Let f be 126084/98 + 6/14. Suppose 70*s - 83*s + f = 0. What are the prime factors of s?
3, 11
Suppose 2*x + 2084 = -x - 2*m, 4*x + m = -2782. Let n = -464 - x. What are the prime factors of n?
2, 29
Let u = 86 - 123. What are the prime factors of 44 + u - (-2 + -871)?
2, 5, 11
Suppose 5*w = 3*h + 117, -4*w + 8*h + 92 = 4*h. Suppose w*q - 4776 - 9624 = 0. What are the prime factors of q?
2, 3, 5
Suppose 21 = 4*x - 3. Suppose -5*i - 27 = -x*i. Let z = i - 11. What are the prime factors of z?
2
Suppose -4*s + 46 - 18 = 0. Suppose -2*p + 3*y + 869 = 0, 2*p - 5*y + 2160 = s*p. What are the prime factors of p?
433
Suppose 3*b - 12*y + 16*y - 34460 = 0, -2*b + 5*y + 22981 = 0. List the prime factors of b.
2, 359
Let p(w) = -745*w - 629. What are the prime factors of p(-19)?
2, 6763
Suppose 2*r = -4*f + 88352, 5*r = 10*r + 10. What are the prime factors of f?
3, 37, 199
Suppose -3*i + 40 = 5*t, -4*i = -5*t - 34 - 31. Let d be (-468)/(-30)*i/(-6). Let n = d - -83. List the prime factors of n.
2, 11
Let h be -2 - -10 - (2 + (-5)/(-5)). Let j(o) = 2*o**3 - 5*o**2 - o - 10. What are the prime factors of j(h)?
2, 5, 11
Let m(u) = 4 - 2 - u - 356*u - 462*u. List the prime factors of m(-1).
821
Suppose 0 = -4*o - 4*c + 48, -c = -4*o - 6*c + 50. Let g = -14 + o. List the prime factors of g/(-6)*1950/20.
5, 13
Let l = 40 + -50. Let y be ((-6)/5)/(l/625). Suppose 30*g - y = 25*g. What are the prime factors of g?
3, 5
Let r = -162 + 839. Let d = 1137 - r. List the prime factors of d.
2, 5, 23
Suppose -10*q = -4*q - 18. Suppose -5*k - 212 = -3*s, q*s + 2*k - 109 = 75. Suppose 2*n - x - 40 = 3*x, 4*x = -2*n + s. What are the prime factors of n?
2, 13
Let h(x) = -3*x**3 + 14*x**2 + 97*x + 133. What are the prime factors of h(-25)?
7, 19, 401
Suppose 1523 = -4*o - 2*t + t, -744 = 2*o + 4*t. Let s = 840 + o. List the prime factors of s.
2, 229
Let d(z) = -14*z + 23. Let j(g) = -g - 4 + 5 - 2. Let r(w) = d(w) - 2*j(w). List the prime factors of r(-6).
97
Let v(w) = 40*w - 76. Let f = -87 + 100. What are the prime factors of v(f)?
2, 3, 37
Let z(x) = -8*x - 23. Let i be z(-4). Suppose -4*g = -i*g + 255. Let h = 166 - g. What are the prime factors of h?
5, 23
Suppose -4*k + 6*w - 46 = 8*w, 0 = 3*k - 2*w + 17. Let t(n) = -209*n - 242. List the prime factors of t(k).
11, 149
Let a = -223 + 143. Let v = a + 127. List the prime factors of v.
47
Suppose 558*a - 1460262 - 40282602 = 0. What are the prime factors of a?
2, 3, 1039
Suppose 2*k - 10*k = -32000. Suppose 17*f - 9*f - k = 0. List the prime factors of f.
2, 5
Let d(h) be the second derivative of h**5/10 - 7*h**4/12 + 2*h**3/3 + 7*h**2 - 136*h - 1. List the prime factors of d(9).
941
Let s = -169512 - -240303. List the prime factors of s.
3, 7, 3371
Let u(x) = 10*x + 57 - x**3 - 28 - 7*x**2 - 22 + 0*x**3. Let w be u(-8). Let h(r) = r**2 + 2*r + 12. What are the prime factors of h(w)?
3, 5
Let j(f) = 4*f - 20. Let i be j(6). Suppose 2*x + i*r - 108 = 542, 5*x + 2*r = 1585. What are the prime factors of x?
3, 5, 7
Suppose -5*u - 61735 = -9*u - 3*d, -4*u = 4*d - 61732. What are the prime factors of u?
2, 17, 227
Let m(o) = 56*o**2 + 131*o - 64. What are the prime factors of m(-18)?
2, 7, 1123
Suppose -2*m + 16 = 20. Let o be (m/2)/(4/(-4*101)). Suppose 19*v - 20*v = -o. List the prime factors of v.
101
Suppose 0 = 461*g - 9531679 - 8538138. What are the prime factors of g?
19, 2063
Let s(t) = -44*t - 628. What are the prime factors of s(-63)?
2, 67
Let v = -6883 - -14481. What are the prime factors of v?
2, 29, 131
Suppose 40*i + 12923 + 40157 = 0. Let h = i - -2392. List the prime factors of h.
3, 5, 71
Suppose -8*a - 69755 = 189*z - 192*z, -2*a = -z + 23249. What are the prime factors of z?
3, 61, 127
Let u(h) = h**2 - 6*h + 14 + 2 - 3. Let s be u(10). Let y = s - 7. List the prime factors of y.
2, 23
Let n = 1537 + -1563. Suppose 0 = 2*h + 3*h - 20. List the prime factors of h/14 - (-3)/(-21)*n.
2
Suppose r = 8*r - 287. Let m = 3 - r. Let l = -26 - m. What are the prime factors of l?
2, 3
Let x = 27047 + -4460. List the prime factors of x.
3, 7529
Let m = -13254 + 52619. List the prime factors of m.
5, 7873
Let c(l) = -52*l**2 + 18*l + 54. Let x(d) = -2*d**2 + 3*d + 1. Let n(r) = -c(r) + 3*x(r). What are the prime factors of n(-4)?
7, 103
Let t = -190 - -190. Suppose -a - 1456 = -t*m - 4*m, 4*m = -3*a + 1440. List the prime factors of m.
3, 11
Suppose 0 = -59*q + 12*q + 2962133 - 257706. What are the prime factors of q?
11, 5231
List the prime factors of 80*5*(-3081)/(-130).
2, 3, 5, 79
List the prime factors of (-3671)/((-3 - (-8 - -3))/(-20)).
2, 5, 3671
Let x(o) = 25*o + 29. Suppose -25 = -3*v - l, -10*v = -6*v + 4*l - 20. List the prime factors of x(v).
3, 31
Let d = 20 - 20. Suppose d*t - 103 = -t. What are the prime factors of 4 + t/3*3?
107
Let c(t) = -t**3 - 7*t**2 + t + 20. Let l be c(-8). Let h = l - 72. Suppose h*f - 246 = -5*j + 3*j, -5*j + 559 = -4*f. List the prime factors of j.
5, 23
Let a(r) = 1 - 2*r - 25*r**2 + 634*r**3 + 11*r**2 + 14*r**2. Let w be a(1). Suppose -51 = -9*m + w. List the prime factors of m.
2, 19
Let i(p) = 7008*p + 495. List the prime factors of i(3).
3, 797
Suppose -4 = 5*g - 64. Suppose g*w + 4 = 13*w. Suppose 98 = w*l - 162. List the prime factors of l.
5, 13
Let b be (-66)/12*2*-1. Let j(l) = -l**3 + 12*l**2 - 6*l + 16. Let a be j(b). Suppose 0 = 2*s + 5*d - 68 - a, 2*s - 2*d = 104. What are the prime factors of s?
3, 19
Let j(z) = 61*z**2 + 2*z + 13. Suppose 55 = -6*m + 43. List the prime factors of j(m).
11, 23
List the prime factors of ((-1330)/380)/(4/(-14) + 29907/104748).
2, 7, 29, 43
Suppose r = -2*n + 13714, -8*n + 4*r - 13726 = -10*n. List the prime factors of n.
3, 5, 457
Suppose 0 = 56*g + 21528 - 89008. List the prime factors of g.
5, 241
Let p be (-20)/50 - ((-9)/(-15) - 1). Suppose 0 = 3*o + 3*k - k - 6, -5*k = p. Suppose o*f = f + 97. List the prime factors of f.
97
Let i(h) = 19 - 6*h + h**2 + 36 + 49*h - 2*h**2. What are the prime factors of i(14)?
461
Suppose 320 = 3*m + 3*h + 20, -h + 403 = 4*m. Let u = m + -96. Let s(k) = 3*k**2 - k + 4. List the prime factors of s(u).
2, 37
Let b(f) = 141*f**3 - 6*f**2 - 22*f + 64. List the prime factors of b(3).
11, 31
Suppose -10*n - 54621 = -14*n + 3*h, 4*h - 13641 = -n. What are the prime factors of n?
3, 37, 41
Let v be -2 + 6 - -2 - 4. Suppose q = 3*g + g - 18, 2*g = -3*q + v. Let a(r) = -85*r + 14. What are the prime factors of a(q)?
2, 23
Let z be (16/20 + 0)*415. Let f = z + -88. Suppose 8*s - 3*s + 4*u - 576 = 0, -5*u + f = 2*s. What are the prime factors of s?
2, 7
Let r = -9353 + 13905. What are the prime factors of r?
2, 569
Let j(f) = 2*f + 5. Let a be j(7). Let o(v) = 2*v**2 - 38*v + 2. Let b be o(a). List the prime factors of b/4 + 972/8.
2, 61
Suppose 3 = 4*j - 5*a, 4*j - 16 + 5 = -3*a. Suppose -r + j*r + 64 = i, 5*i - 335 = 2*r. List the prime factors of i/(-2)*(-112)/42.
2, 23
Let g(h) = h**2 + 2*h - 88. Let o = 491 - 474. List the prime factors of g(o).
5, 47
Suppose -2019 = -y + 4*n, -3*y + 5*n + 6661 = 576. What are the prime factors of y?
5, 11, 37
Let b(y) = 3*y**2 - 2*y + 101. Let l be b(-15). Let g = -419 + l. List the prime factors of g.
3, 43
Let z be (297/55)/(1